{"id":109,"date":"2021-06-21T20:02:54","date_gmt":"2021-06-21T18:02:54","guid":{"rendered":"https:\/\/rumex.mendelu.cz\/profesorbayer\/?page_id=109"},"modified":"2021-06-21T20:06:38","modified_gmt":"2021-06-21T18:06:38","slug":"fotogalerie","status":"publish","type":"page","link":"https:\/\/profesorbayer.cz\/index.php\/fotogalerie\/","title":{"rendered":"Fotogalerie"},"content":{"rendered":"\n<div class=\"wp-block-group alignfull\"><div class=\"wp-block-group__inner-container is-layout-flow wp-block-group-is-layout-flow\">\n<div class=\"wp-block-columns is-layout-flex wp-container-core-columns-is-layout-28f84493 wp-block-columns-is-layout-flex\">\n<div class=\"wp-block-column is-layout-flow wp-block-column-is-layout-flow\" style=\"flex-basis:100%\">\n<figure class=\"wp-block-gallery columns-3 is-cropped wp-block-gallery-1 is-layout-flex wp-block-gallery-is-layout-flex\"><ul class=\"blocks-gallery-grid\"><li class=\"blocks-gallery-item\"><figure><img loading=\"lazy\" decoding=\"async\" width=\"736\" height=\"1024\" src=\"https:\/\/rumex.mendelu.cz\/profesorbayer\/wp-content\/uploads\/2021\/06\/DSC09089-3-scaled-e1624298701936-736x1024.jpg\" alt=\"\" data-id=\"9\" data-full-url=\"https:\/\/rumex.mendelu.cz\/profesorbayer\/wp-content\/uploads\/2021\/06\/DSC09089-3-scaled-e1624298701936.jpg\" data-link=\"https:\/\/rumex.mendelu.cz\/profesorbayer\/dsc09089-3\/\" class=\"wp-image-9\" srcset=\"https:\/\/profesorbayer.cz\/wp-content\/uploads\/2021\/06\/DSC09089-3-scaled-e1624298701936-736x1024.jpg 736w, https:\/\/profesorbayer.cz\/wp-content\/uploads\/2021\/06\/DSC09089-3-scaled-e1624298701936-216x300.jpg 216w, https:\/\/profesorbayer.cz\/wp-content\/uploads\/2021\/06\/DSC09089-3-scaled-e1624298701936-768x1069.jpg 768w, https:\/\/profesorbayer.cz\/wp-content\/uploads\/2021\/06\/DSC09089-3-scaled-e1624298701936-1103x1536.jpg 1103w, https:\/\/profesorbayer.cz\/wp-content\/uploads\/2021\/06\/DSC09089-3-scaled-e1624298701936-1471x2048.jpg 1471w, https:\/\/profesorbayer.cz\/wp-content\/uploads\/2021\/06\/DSC09089-3-scaled-e1624298701936.jpg 1839w\" sizes=\"auto, (max-width: 736px) 100vw, 736px\" \/><\/figure><\/li><li class=\"blocks-gallery-item\"><figure><img loading=\"lazy\" decoding=\"async\" width=\"700\" height=\"1024\" src=\"https:\/\/rumex.mendelu.cz\/profesorbayer\/wp-content\/uploads\/2021\/06\/DSC09078-2-700x1024.jpg\" alt=\"\" data-id=\"7\" data-full-url=\"https:\/\/rumex.mendelu.cz\/profesorbayer\/wp-content\/uploads\/2021\/06\/DSC09078-2-scaled.jpg\" data-link=\"https:\/\/rumex.mendelu.cz\/profesorbayer\/dsc09078-2\/\" class=\"wp-image-7\" srcset=\"https:\/\/profesorbayer.cz\/wp-content\/uploads\/2021\/06\/DSC09078-2-700x1024.jpg 700w, https:\/\/profesorbayer.cz\/wp-content\/uploads\/2021\/06\/DSC09078-2-205x300.jpg 205w, https:\/\/profesorbayer.cz\/wp-content\/uploads\/2021\/06\/DSC09078-2-768x1124.jpg 768w, https:\/\/profesorbayer.cz\/wp-content\/uploads\/2021\/06\/DSC09078-2-1050x1536.jpg 1050w, https:\/\/profesorbayer.cz\/wp-content\/uploads\/2021\/06\/DSC09078-2-1400x2048.jpg 1400w, https:\/\/profesorbayer.cz\/wp-content\/uploads\/2021\/06\/DSC09078-2-scaled.jpg 1750w\" sizes=\"auto, (max-width: 700px) 100vw, 700px\" \/><\/figure><\/li><li class=\"blocks-gallery-item\"><figure><img loading=\"lazy\" decoding=\"async\" width=\"765\" height=\"1024\" src=\"https:\/\/rumex.mendelu.cz\/profesorbayer\/wp-content\/uploads\/2021\/06\/DSC09092-2-765x1024.jpg\" alt=\"\" data-id=\"10\" data-full-url=\"https:\/\/rumex.mendelu.cz\/profesorbayer\/wp-content\/uploads\/2021\/06\/DSC09092-2-scaled.jpg\" data-link=\"https:\/\/rumex.mendelu.cz\/profesorbayer\/dsc09092-2\/\" class=\"wp-image-10\" srcset=\"https:\/\/profesorbayer.cz\/wp-content\/uploads\/2021\/06\/DSC09092-2-765x1024.jpg 765w, https:\/\/profesorbayer.cz\/wp-content\/uploads\/2021\/06\/DSC09092-2-224x300.jpg 224w, https:\/\/profesorbayer.cz\/wp-content\/uploads\/2021\/06\/DSC09092-2-768x1028.jpg 768w, https:\/\/profesorbayer.cz\/wp-content\/uploads\/2021\/06\/DSC09092-2-1148x1536.jpg 1148w, https:\/\/profesorbayer.cz\/wp-content\/uploads\/2021\/06\/DSC09092-2-1531x2048.jpg 1531w, https:\/\/profesorbayer.cz\/wp-content\/uploads\/2021\/06\/DSC09092-2-scaled.jpg 1913w\" sizes=\"auto, (max-width: 765px) 100vw, 765px\" \/><\/figure><\/li><li class=\"blocks-gallery-item\"><figure><img loading=\"lazy\" decoding=\"async\" width=\"1024\" height=\"751\" src=\"https:\/\/rumex.mendelu.cz\/profesorbayer\/wp-content\/uploads\/2021\/06\/DSC09094-2-1024x751.jpg\" alt=\"\" data-id=\"11\" data-full-url=\"https:\/\/rumex.mendelu.cz\/profesorbayer\/wp-content\/uploads\/2021\/06\/DSC09094-2-scaled.jpg\" data-link=\"https:\/\/rumex.mendelu.cz\/profesorbayer\/dsc09094-2\/\" class=\"wp-image-11\" srcset=\"https:\/\/profesorbayer.cz\/wp-content\/uploads\/2021\/06\/DSC09094-2-1024x751.jpg 1024w, https:\/\/profesorbayer.cz\/wp-content\/uploads\/2021\/06\/DSC09094-2-300x220.jpg 300w, https:\/\/profesorbayer.cz\/wp-content\/uploads\/2021\/06\/DSC09094-2-768x563.jpg 768w, https:\/\/profesorbayer.cz\/wp-content\/uploads\/2021\/06\/DSC09094-2-1536x1126.jpg 1536w, https:\/\/profesorbayer.cz\/wp-content\/uploads\/2021\/06\/DSC09094-2-2048x1501.jpg 2048w\" sizes=\"auto, (max-width: 1024px) 100vw, 1024px\" \/><\/figure><\/li><\/ul><\/figure>\n\n\n\n<p><\/p>\n<\/div>\n<\/div>\n<\/div><\/div>\n\n\n\n<div class=\"wp-block-group alignfull\"><div class=\"wp-block-group__inner-container is-layout-flow wp-block-group-is-layout-flow\">\n<figure class=\"wp-block-image size-large\"><img loading=\"lazy\" decoding=\"async\" width=\"1024\" height=\"815\" src=\"https:\/\/rumex.mendelu.cz\/profesorbayer\/wp-content\/uploads\/2021\/06\/DSC09079-2-1024x815.jpg\" alt=\"\" class=\"wp-image-8\" srcset=\"https:\/\/profesorbayer.cz\/wp-content\/uploads\/2021\/06\/DSC09079-2-1024x815.jpg 1024w, https:\/\/profesorbayer.cz\/wp-content\/uploads\/2021\/06\/DSC09079-2-300x239.jpg 300w, https:\/\/profesorbayer.cz\/wp-content\/uploads\/2021\/06\/DSC09079-2-768x611.jpg 768w, https:\/\/profesorbayer.cz\/wp-content\/uploads\/2021\/06\/DSC09079-2-1536x1222.jpg 1536w, https:\/\/profesorbayer.cz\/wp-content\/uploads\/2021\/06\/DSC09079-2-2048x1630.jpg 2048w\" sizes=\"auto, (max-width: 1024px) 100vw, 1024px\" \/><\/figure>\n<\/div><\/div>\n","protected":false},"excerpt":{"rendered":"","protected":false},"author":1,"featured_media":0,"parent":0,"menu_order":0,"comment_status":"closed","ping_status":"closed","template":"","meta":{"footnotes":""},"class_list":["post-109","page","type-page","status-publish","hentry"],"yoast_head":"<!-- This site is optimized with the Yoast SEO plugin v27.4 - https:\/\/yoast.com\/product\/yoast-seo-wordpress\/ -->\n<title>Fotogalerie - Nada\u010dn\u00ed fond prof. Augusta Bayera<\/title>\n<meta name=\"robots\" content=\"index, follow, max-snippet:-1, max-image-preview:large, max-video-preview:-1\" \/>\n<link rel=\"canonical\" href=\"https:\/\/profesorbayer.cz\/index.php\/fotogalerie\/\" \/>\n<meta property=\"og:locale\" content=\"cs_CZ\" \/>\n<meta property=\"og:type\" content=\"article\" \/>\n<meta property=\"og:title\" content=\"Fotogalerie - Nada\u010dn\u00ed fond prof. Augusta Bayera\" \/>\n<meta property=\"og:url\" content=\"https:\/\/profesorbayer.cz\/index.php\/fotogalerie\/\" \/>\n<meta property=\"og:site_name\" content=\"Nada\u010dn\u00ed fond prof. Augusta Bayera\" \/>\n<meta property=\"article:publisher\" content=\"https:\/\/www.facebook.com\/praleskostarika\/?show_switched_toast=0&amp;show_invite_to_follow=0&amp;show_switched_tooltip=0&amp;show_podcast_settings=0&amp;show_community_review_changes=0&amp;show_community_rollback=0&amp;show_follower_visibility_disclosure=0\" \/>\n<meta property=\"article:modified_time\" content=\"2021-06-21T18:06:38+00:00\" \/>\n<meta property=\"og:image\" content=\"https:\/\/rumex.mendelu.cz\/profesorbayer\/wp-content\/uploads\/2021\/06\/DSC09089-3-scaled-e1624298701936-736x1024.jpg\" \/>\n<meta name=\"twitter:card\" content=\"summary_large_image\" \/>\n<script type=\"application\/ld+json\" class=\"yoast-schema-graph\">{\"@context\":\"https:\\\/\\\/schema.org\",\"@graph\":[{\"@type\":\"WebPage\",\"@id\":\"https:\\\/\\\/profesorbayer.cz\\\/index.php\\\/fotogalerie\\\/\",\"url\":\"https:\\\/\\\/profesorbayer.cz\\\/index.php\\\/fotogalerie\\\/\",\"name\":\"Fotogalerie - Nada\u010dn\u00ed fond prof. Augusta Bayera\",\"isPartOf\":{\"@id\":\"https:\\\/\\\/profesorbayer.cz\\\/#website\"},\"primaryImageOfPage\":{\"@id\":\"https:\\\/\\\/profesorbayer.cz\\\/index.php\\\/fotogalerie\\\/#primaryimage\"},\"image\":{\"@id\":\"https:\\\/\\\/profesorbayer.cz\\\/index.php\\\/fotogalerie\\\/#primaryimage\"},\"thumbnailUrl\":\"https:\\\/\\\/rumex.mendelu.cz\\\/profesorbayer\\\/wp-content\\\/uploads\\\/2021\\\/06\\\/DSC09089-3-scaled-e1624298701936-736x1024.jpg\",\"datePublished\":\"2021-06-21T18:02:54+00:00\",\"dateModified\":\"2021-06-21T18:06:38+00:00\",\"breadcrumb\":{\"@id\":\"https:\\\/\\\/profesorbayer.cz\\\/index.php\\\/fotogalerie\\\/#breadcrumb\"},\"inLanguage\":\"cs\",\"potentialAction\":[{\"@type\":\"ReadAction\",\"target\":[\"https:\\\/\\\/profesorbayer.cz\\\/index.php\\\/fotogalerie\\\/\"]}]},{\"@type\":\"ImageObject\",\"inLanguage\":\"cs\",\"@id\":\"https:\\\/\\\/profesorbayer.cz\\\/index.php\\\/fotogalerie\\\/#primaryimage\",\"url\":\"https:\\\/\\\/rumex.mendelu.cz\\\/profesorbayer\\\/wp-content\\\/uploads\\\/2021\\\/06\\\/DSC09089-3-scaled-e1624298701936-736x1024.jpg\",\"contentUrl\":\"https:\\\/\\\/rumex.mendelu.cz\\\/profesorbayer\\\/wp-content\\\/uploads\\\/2021\\\/06\\\/DSC09089-3-scaled-e1624298701936-736x1024.jpg\"},{\"@type\":\"BreadcrumbList\",\"@id\":\"https:\\\/\\\/profesorbayer.cz\\\/index.php\\\/fotogalerie\\\/#breadcrumb\",\"itemListElement\":[{\"@type\":\"ListItem\",\"position\":1,\"name\":\"Dom\u016f\",\"item\":\"https:\\\/\\\/profesorbayer.cz\\\/\"},{\"@type\":\"ListItem\",\"position\":2,\"name\":\"Fotogalerie\"}]},{\"@type\":\"WebSite\",\"@id\":\"https:\\\/\\\/profesorbayer.cz\\\/#website\",\"url\":\"https:\\\/\\\/profesorbayer.cz\\\/\",\"name\":\"Nada\u010dn\u00ed fond prof. Augusta Bayera\",\"description\":\"Z\u00e1chrana n\u00ed\u017einn\u00e9ho pralesa v Kostarice\",\"alternateName\":\"Z\u00e1chrana n\u00ed\u017einn\u00e9ho pralesa v Kostarice\",\"potentialAction\":[{\"@type\":\"SearchAction\",\"target\":{\"@type\":\"EntryPoint\",\"urlTemplate\":\"https:\\\/\\\/profesorbayer.cz\\\/?s={search_term_string}\"},\"query-input\":{\"@type\":\"PropertyValueSpecification\",\"valueRequired\":true,\"valueName\":\"search_term_string\"}}],\"inLanguage\":\"cs\"}]}<\/script>\n<!-- \/ Yoast SEO plugin. -->","yoast_head_json":{"title":"Fotogalerie - Nada\u010dn\u00ed fond prof. Augusta Bayera","robots":{"index":"index","follow":"follow","max-snippet":"max-snippet:-1","max-image-preview":"max-image-preview:large","max-video-preview":"max-video-preview:-1"},"canonical":"https:\/\/profesorbayer.cz\/index.php\/fotogalerie\/","og_locale":"cs_CZ","og_type":"article","og_title":"Fotogalerie - Nada\u010dn\u00ed fond prof. Augusta Bayera","og_url":"https:\/\/profesorbayer.cz\/index.php\/fotogalerie\/","og_site_name":"Nada\u010dn\u00ed fond prof. Augusta Bayera","article_publisher":"https:\/\/www.facebook.com\/praleskostarika\/?show_switched_toast=0&show_invite_to_follow=0&show_switched_tooltip=0&show_podcast_settings=0&show_community_review_changes=0&show_community_rollback=0&show_follower_visibility_disclosure=0","article_modified_time":"2021-06-21T18:06:38+00:00","og_image":[{"url":"https:\/\/rumex.mendelu.cz\/profesorbayer\/wp-content\/uploads\/2021\/06\/DSC09089-3-scaled-e1624298701936-736x1024.jpg","type":"","width":"","height":""}],"twitter_card":"summary_large_image","schema":{"@context":"https:\/\/schema.org","@graph":[{"@type":"WebPage","@id":"https:\/\/profesorbayer.cz\/index.php\/fotogalerie\/","url":"https:\/\/profesorbayer.cz\/index.php\/fotogalerie\/","name":"Fotogalerie - Nada\u010dn\u00ed fond prof. Augusta Bayera","isPartOf":{"@id":"https:\/\/profesorbayer.cz\/#website"},"primaryImageOfPage":{"@id":"https:\/\/profesorbayer.cz\/index.php\/fotogalerie\/#primaryimage"},"image":{"@id":"https:\/\/profesorbayer.cz\/index.php\/fotogalerie\/#primaryimage"},"thumbnailUrl":"https:\/\/rumex.mendelu.cz\/profesorbayer\/wp-content\/uploads\/2021\/06\/DSC09089-3-scaled-e1624298701936-736x1024.jpg","datePublished":"2021-06-21T18:02:54+00:00","dateModified":"2021-06-21T18:06:38+00:00","breadcrumb":{"@id":"https:\/\/profesorbayer.cz\/index.php\/fotogalerie\/#breadcrumb"},"inLanguage":"cs","potentialAction":[{"@type":"ReadAction","target":["https:\/\/profesorbayer.cz\/index.php\/fotogalerie\/"]}]},{"@type":"ImageObject","inLanguage":"cs","@id":"https:\/\/profesorbayer.cz\/index.php\/fotogalerie\/#primaryimage","url":"https:\/\/rumex.mendelu.cz\/profesorbayer\/wp-content\/uploads\/2021\/06\/DSC09089-3-scaled-e1624298701936-736x1024.jpg","contentUrl":"https:\/\/rumex.mendelu.cz\/profesorbayer\/wp-content\/uploads\/2021\/06\/DSC09089-3-scaled-e1624298701936-736x1024.jpg"},{"@type":"BreadcrumbList","@id":"https:\/\/profesorbayer.cz\/index.php\/fotogalerie\/#breadcrumb","itemListElement":[{"@type":"ListItem","position":1,"name":"Dom\u016f","item":"https:\/\/profesorbayer.cz\/"},{"@type":"ListItem","position":2,"name":"Fotogalerie"}]},{"@type":"WebSite","@id":"https:\/\/profesorbayer.cz\/#website","url":"https:\/\/profesorbayer.cz\/","name":"Nada\u010dn\u00ed fond prof. Augusta Bayera","description":"Z\u00e1chrana n\u00ed\u017einn\u00e9ho pralesa v Kostarice","alternateName":"Z\u00e1chrana n\u00ed\u017einn\u00e9ho pralesa v Kostarice","potentialAction":[{"@type":"SearchAction","target":{"@type":"EntryPoint","urlTemplate":"https:\/\/profesorbayer.cz\/?s={search_term_string}"},"query-input":{"@type":"PropertyValueSpecification","valueRequired":true,"valueName":"search_term_string"}}],"inLanguage":"cs"}]}},"_links":{"self":[{"href":"https:\/\/profesorbayer.cz\/index.php\/wp-json\/wp\/v2\/pages\/109","targetHints":{"allow":["GET"]}}],"collection":[{"href":"https:\/\/profesorbayer.cz\/index.php\/wp-json\/wp\/v2\/pages"}],"about":[{"href":"https:\/\/profesorbayer.cz\/index.php\/wp-json\/wp\/v2\/types\/page"}],"author":[{"embeddable":true,"href":"https:\/\/profesorbayer.cz\/index.php\/wp-json\/wp\/v2\/users\/1"}],"replies":[{"embeddable":true,"href":"https:\/\/profesorbayer.cz\/index.php\/wp-json\/wp\/v2\/comments?post=109"}],"version-history":[{"count":6,"href":"https:\/\/profesorbayer.cz\/index.php\/wp-json\/wp\/v2\/pages\/109\/revisions"}],"predecessor-version":[{"id":117,"href":"https:\/\/profesorbayer.cz\/index.php\/wp-json\/wp\/v2\/pages\/109\/revisions\/117"}],"wp:attachment":[{"href":"https:\/\/profesorbayer.cz\/index.php\/wp-json\/wp\/v2\/media?parent=109"}],"curies":[{"name":"wp","href":"https:\/\/api.w.org\/{rel}","templated":true}]}}